he highest common divisor of 19 and 152?
19
What is the highest common factor of 8505 and 252?
63
Calculate the greatest common divisor of 6 and 117.
3
Calculate the greatest common factor of 872 and 16.
8
What is the highest common factor of 111 and 3?
3
What is the highest common divisor of 3055 and 13?
13
What is the highest common divisor of 109 and 1?
1
Calculate the highest common factor of 11 and 40.
1
Calculate the greatest common divisor of 517 and 220.
11
Calculate the greatest common factor of 1986 and 42.
6
Calculate the greatest common divisor of 32 and 124.
4
What is the greatest common divisor of 320 and 60?
20
What is the highest common divisor of 2321 and 11?
11
Calculate the greatest common divisor of 210 and 195.
15
Calculate the highest common divisor of 186 and 899.
31
Calculate the highest common divisor of 112 and 64.
16
What is the highest common factor of 297 and 341?
11
Calculate the greatest common factor of 1457 and 31.
31
Calculate the highest common factor of 4 and 251.
1
Calculate the greatest common divisor of 4 and 2804.
4
Calculate the greatest common factor of 222 and 18.
6
What is the greatest common factor of 395 and 35?
5
What is the highest common divisor of 110 and 462?
22
What is the greatest common factor of 3978 and 195?
39
Calculate the greatest common factor of 6231 and 31.
31
What is the greatest common factor of 40 and 70?
10
Calculate the highest common divisor of 1100 and 44.
44
What is the highest common divisor of 165 and 135?
15
What is the highest common factor of 117 and 54?
9
What is the greatest common factor of 416 and 2353?
13
What is the greatest common divisor of 1072 and 67?
67
What is the highest common divisor of 546 and 156?
78
What is the greatest common factor of 308 and 14?
14
Calculate the highest common divisor of 40 and 8.
8
Calculate the greatest common factor of 32 and 224.
32
Calculate the greatest common factor of 75 and 15.
15
Calculate the greatest common divisor of 84 and 12.
12
Calculate the greatest common factor of 72 and 702.
18
What is the greatest common factor of 71691 and 69?
69
Calculate the greatest common divisor of 4186 and 910.
182
Calculate the highest common factor of 4750 and 20.
10
Calculate the highest common divisor of 19 and 7068.
19
Calculate the highest common factor of 53 and 6731.
53
Calculate the greatest common factor of 8 and 100.
4
Calculate the greatest common divisor of 1866 and 42.
6
What is the greatest common divisor of 111 and 74?
37
What is the highest common divisor of 80 and 60?
20
What is the highest common divisor of 804 and 12?
12
What is the highest common divisor of 841 and 87?
29
Calculate the highest common factor of 22 and 286.
22
What is the highest common factor of 56 and 256?
8
What is the greatest common factor of 45 and 5?
5
Calculate the highest common factor of 400 and 64.
16
Calculate the highest common factor of 25968 and 96.
48
What is the highest common divisor of 671 and 1464?
61
What is the greatest common divisor of 138 and 17986?
46
Calculate the highest common factor of 267 and 6853.
89
Calculate the greatest common factor of 162 and 90.
18
Calculate the highest common factor of 7 and 7.
7
Calculate the greatest common factor of 730 and 16.
2
What is the greatest common divisor of 24 and 3?
3
What is the highest common factor of 55 and 3245?
55
What is the greatest common factor of 27165 and 15?
15
Calculate the greatest common divisor of 267 and 3.
3
Calculate the highest common factor of 700 and 250.
50
Calculate the greatest common factor of 600 and 64.
8
Calculate the highest common factor of 115 and 245.
5
Calculate the greatest common divisor of 12173 and 188.
47
Calculate the highest common divisor of 126 and 8904.
42
Calculate the greatest common factor of 2574 and 396.
198
What is the greatest common factor of 180 and 225?
45
What is the highest common factor of 14 and 37058?
14
Calculate the greatest common factor of 2025 and 81.
81
Calculate the highest common factor of 5672 and 48.
8
What is the greatest common factor of 317 and 7?
1
What is the greatest common divisor of 49095 and 45?
45
Calculate the greatest common divisor of 6981 and 52.
13
Calculate the greatest common divisor of 172 and 4.
4
Calculate the highest common divisor of 17629 and 289.
289
What is the highest common divisor of 69 and 759?
69
Calculate the highest common divisor of 364 and 84.
28
What is the highest common divisor of 1586 and 52?
26
What is the greatest common factor of 272 and 612?
68
Calculate the highest common divisor of 1127 and 49.
49
Calculate the highest common factor of 90 and 225.
45
What is the highest common divisor of 108 and 12?
12
What is the greatest common divisor of 362 and 2?
2
Calculate the highest common factor of 306 and 99.
9
What is the greatest common divisor of 6 and 87?
3
What is the greatest common divisor of 246 and 164?
82
Calculate the greatest common divisor of 136 and 3791.
17
Calculate the greatest common divisor of 243 and 135.
27
What is the highest common factor of 2714 and 414?
46
What is the greatest common divisor of 279 and 31?
31
What is the highest common divisor of 606 and 72?
6
Calculate the highest common divisor of 375 and 150.
75
Calculate the highest common factor of 17 and 34.
17
Calculate the highest common factor of 1968 and 1392.
48
Calculate the highest common divisor of 126 and 2100.
42
Calculate the greatest common divisor of 1582 and 1356.
226
What is the highest common divisor of 775 and 25?
25
What is the highest common factor of 339 and 1921?
113
Calculate the greatest common divisor of 6100 and 5.
5
What is the greatest common divisor of 27 and 1431?
27
What is the highest common factor of 518 and 111?
37
What is the highest common factor of 27 and 63?
9
Calculate the greatest common factor of 32 and 200.
8
What is the greatest common divisor of 6 and 34?
2
What is the greatest common divisor of 344 and 731?
43
What is the greatest common divisor of 22 and 220?
22
What is the greatest common factor of 10 and 30?
10
What is the greatest common factor of 8336 and 48?
16
What is the highest common divisor of 145 and 40?
5
What is the highest common factor of 37 and 1073?
37
Calculate the highest common divisor of 816 and 48.
48
What is the highest common factor of 99 and 21?
3
Calculate the greatest common factor of 15 and 640.
5
Calculate the highest common divisor of 8080 and 10.
10
What is the greatest common divisor of 300 and 8600?
100
Calculate the highest common divisor of 95 and 25.
5
What is the highest common factor of 7117 and 11?
11
What is the highest common divisor of 36 and 972?
36
Calculate the highest common factor of 1147 and 124.
31
What is the greatest common divisor of 150 and 15?
15
What is the highest common factor of 28 and 679?
7
What is the highest common divisor of 8131 and 47?
47
What is the greatest common divisor of 79 and 29467?
79
What is the highest common factor of 12 and 324?
12
What is the greatest common factor of 20 and 2980?
20
What is the greatest common factor of 10 and 66?
2
What is the highest common factor of 10 and 3155?
5
Calculate the highest common factor of 154 and 511.
7
What is the greatest common factor of 300 and 480?
60
What is the greatest common divisor of 10 and 1245?
5
Calculate the greatest common divisor of 7791 and 882.
147
What is the greatest common factor of 145 and 58?
29
Calculate the greatest common divisor of 2826 and 108.
18
What is the greatest common factor of 40 and 410?
10
Calculate the greatest common factor of 39 and 416.
13
Calculate the greatest common divisor of 20 and 250.
10
Calculate the greatest common factor of 50 and 3350.
50
What is the highest common factor of 40 and 70?
10
Calculate the highest common factor of 41 and 205.
41
What is the highest common factor of 50 and 17375?
25
What is the greatest common divisor of 1295 and 111?
37
What is the greatest common factor of 798 and 570?
114
What is the greatest common factor of 70 and 1365?
35
What is the highest common divisor of 322 and 92?
46
What is the highest common factor of 106 and 159?
53
What is the greatest common factor of 103 and 5974?
103
What is the highest common factor of 1330 and 686?
14
What is the gre